Is 64003 composite?
True
Is 59989 a composite number?
True
Is 2863 a prime number?
False
Is 969023 prime?
False
Is 16657 a prime number?
True
Is 7351 a prime number?
True
Is 18947 prime?
True
Is 48593 composite?
False
Is 283249 prime?
False
Is 163601 a composite number?
False
Is 18899 a composite number?
False
Is 18101 composite?
True
Is 821027 prime?
True
Is 176005 a composite number?
True
Is 29899 prime?
False
Is 170594 prime?
False
Is 2249 a composite number?
True
Is 21461 composite?
True
Is 211457 a composite number?
False
Is 92033 prime?
True
Is 205913 a prime number?
True
Is 342259 a prime number?
False
Is 55147 a prime number?
True
Is 4478 composite?
True
Is 1411 a prime number?
False
Is 39839 a prime number?
True
Is 211 a prime number?
True
Is 4337 a prime number?
True
Is 141357 prime?
False
Is 119177 prime?
False
Is 571 prime?
True
Is 615661 a prime number?
True
Is 2521 a prime number?
True
Is 14393 prime?
False
Is 586 prime?
False
Is 1622 a prime number?
False
Is 6508851 composite?
True
Is 214609 a composite number?
True
Is 46891 prime?
False
Is 170705 prime?
False
Is 227207 composite?
False
Is 44011 a composite number?
True
Is 97411 a prime number?
False
Is 114854 prime?
False
Is 31549 prime?
False
Is 79327 prime?
False
Is 480071 prime?
True
Is 52489 composite?
False
Is 701 a composite number?
False
Is 7715 composite?
True
Is 44417 a composite number?
False
Is 13957 a prime number?
False
Is 3389 composite?
False
Is 622183 prime?
False
Is 2480213 a composite number?
True
Is 58657 composite?
False
Is 653617 prime?
True
Is 1220873 a prime number?
False
Is 1097 a prime number?
True
Is 12981 composite?
True
Is 55561 composite?
True
Is 239069 a prime number?
True
Is 497 composite?
True
Is 2841229 composite?
True
Is 6547 prime?
True
Is 177799 composite?
True
Is 643369 composite?
False
Is 188817 a composite number?
True
Is 445039 composite?
True
Is 32603 composite?
False
Is 3226 a composite number?
True
Is 106154 a prime number?
False
Is 215417 composite?
False
Is 723739 a composite number?
False
Is 5989 a prime number?
False
Is 7817 prime?
True
Is 31281 a prime number?
False
Is 100007 prime?
False
Is 1759 a composite number?
False
Is 42491 a prime number?
True
Is 613694 composite?
True
Is 335851 a prime number?
False
Is 88373 a composite number?
True
Is 95311 prime?
True
Is 1477 prime?
False
Is 239543 a prime number?
True
Is 60493 a composite number?
False
Is 27327 a composite number?
True
Is 9151 a composite number?
False
Is 61927 prime?
True
Is 725461 prime?
False
Is 102385 composite?
True
Is 79757 a prime number?
True
Is 2503 a composite number?
False
Is 21269 a composite number?
False
Is 3217 prime?
True
Is 270029 prime?
True
Is 1657 a prime number?
True
Is 343721 prime?
False
Is 18659 composite?
True
Is 863 prime?
True
Is 295111 a prime number?
True
Is 220645 a composite number?
True
Is 4338983 composite?
True
Is 80719 a prime number?
False
Is 211207 composite?
True
Is 3611 a composite number?
True
Is 93719 composite?
False
Is 6587 composite?
True
Is 4640801 composite?
True
Is 3389 a composite number?
False
Is 26917 a composite number?
True
Is 15937 prime?
True
Is 5951 a composite number?
True
Is 613 a composite number?
False
Is 2749883 prime?
True
Is 63374 prime?
False
Is 1191983 composite?
True
Is 175799 a composite number?
True
Is 292969 a composite number?
False
Is 56467 prime?
True
Is 17377 a prime number?
True
Is 149243 a prime number?
False
Is 75931 composite?
False
Is 117791 a prime number?
False
Is 216211 composite?
False
Is 3817 a composite number?
True
Is 135701 a composite number?
False
Is 96865 prime?
False
Is 25061 a composite number?
True
Is 854231 a prime number?
False
Is 352481 a composite number?
False
Is 11153 a composite number?
True
Is 5939 prime?
True
Is 208837 composite?
False
Is 482437 composite?
False
Is 3793 prime?
True
Is 14647 prime?
False
Is 913 a composite number?
True
Is 135059 a composite number?
False
Is 84713 prime?
True
Is 67793 a composite number?
True
Is 943042 prime?
False
Is 174917 a prime number?
True
Is 430229 composite?
True
Is 839557 composite?
True
Is 38261 a composite number?
False
Is 848297 a composite number?
False
Is 318683 a prime number?
True
Is 40403 composite?
True
Is 17693 composite?
True
Is 215839 a composite number?
True
Is 4324667 prime?
False
Is 40497 a prime number?
False
Is 1407493 composite?
True
Is 65761 prime?
True
Is 8999 a composite number?
False
Is 12509 a composite number?
True
Is 812063 a prime number?
False
Is 461969 composite?
True
Is 43567 a prime number?
False
Is 825161 prime?
True
Is 478 composite?
True
Is 6619 prime?
True
Is 254387 prime?
False
Is 669 prime?
False
Is 74587 prime?
True
Is 8521 a prime number?
True
Is 31069 composite?
False
Is 2177093 composite?
False
Is 877009 composite?
True
Is 648649 composite?
False
Is 43678 a prime number?
False
Is 155 prime?
False
Is 83 composite?
False
Is 6743 a prime number?
False
Is 14699 composite?
False
Is 20543 a prime number?
True
Is 21899 prime?
False
Is 457829 a prime number?
True
Is 61403 prime?
True
Is 130241 a composite number?
False
Is 794 a composite number?
True
Is 4177 composite?
False
Is 15133 composite?
True
Is 395159 a composite number?
False
Is 82893 composite?
True
Is 974489 composite?
False
Is 25079 prime?
False
Is 24733 a composite number?
False
Is 75521 a prime number?
True
Is 76141 composite?
True
Is 21631 composite?
True
Is 3455 a prime number?
False
Is 587887 a prime number?
True
Is 455969 prime?
True
Is 112241 a composite number?
False
Is 507893 prime?
False
Is 45523 prime?
True
Is 998323 a prime number?
False
Is 2461 a composite number?
True
Is 96401 prime?
True
Is 1847 a prime number?
True
Is 214161 a prime number?
False
Is 887405 a prime number?
False
Is 38393 a prime number?
True
Is 484514 a composite number?
True
Is 15493 a prime number?
True
Is 1466877 prime?
False
Is 1330357 a composite number?
True
Is 1987 prime?
True
Is 23953 a composite number?
True
Is 13859 prime?
True
Is 865 a composite number?
True
Is 8689 a prime number?
True
Is 34507 composite?
True
Is 11243 a prime number?
True
Is 14689 composite?
True
Is 155503 a composite number?
True
Is 176573 prime?
True
Is 188869 a prime number?
True
Is 4327153 a composite number?
False
Is 4009 prime?
False
Is 840439 prime?
True
Is 25339 a composite number?
False
Is 41315 prime?
False
Is 3575951 a prime number?
False
Is 413299 prime?
True
Is 704251 a composite number?
False
Is 495769 composite?
False
Is 36259 a prime number?
False
Is 560221 a prime number?
True
Is 4083 a prime number?
False
Is 879 prime?
False
Is 373759 prime?
False
Is 62993 prime?
False
Is 1749877 a prime number?
True
Is 11351 a composite number?
False
Is 9589 a prime number?
False
Is 700027 a composite number?
False
Is 1583 prime?
True
Is 1432271 a prime number?
True
Is 15497 prime?
True
Is 14447 prime?
True
Is 232333 a prime number?
True
Is 184669 composite?
False
Is 402982 a composite number?
True
Is 977537 prime?
False
Is 725843 composite?
True
Is 5003 a prime number?
True
Is 743833 a composite number?
False
Is 2267 composite?
False
Is 395 a prime number?
False
Is 3011 composite?
False
Is 1941187 composite?
False
Is 769411 composite?
False
Is 201881 composite?
False
Is 22793 prime?
False
Is 120103 composite?
False
Is 158435 composite?
True
Is 4315 a composite number?
True
Is 135611 composite?
True
Is 12323 composite?
False
Is 150557 composite?
True
Is 67033 composite?
False
Is 186947 a composite number?
False
Is 169987 composite?
False
Is 572009 a prime number?
False
Is 11114 prime?
False
Is 785 prime?
False
Is 28894 a prime number?
False
Is 150665 composite?
True
Is 7793 composite?
False
Is 853 composite?
False
Is 256171 a prime number?
False
Is 22241 composite?
True
Is 55951 a composite number?
True
Is 208183 a prime number?
False
Is 45307 a prime number?
True
Is 109579 a composite number?
False
Is 1560938 composite?
True
Is 202913 a composite number?
True
Is 2080729 composite?
True
Is 283837 prime?
True
Is 2361 composite?
True
Is 67679 a prime number?
True
Is 5175931 prime?
True
Is 286927 a prime number?
True
Is 809 a composite number?
False
Is 8009 a prime number?
True
Is 17662 a prime number?
False
Is 11777 a prime number?
True
Is 2887 a composite number?
False
I